nd w.
24
Let q be (-6)/(-24) + 14/8. Let a = 0 - -1. Let w be (17 - 2) + (2 - a). What is the greatest common divisor of w and q?
2
Let n(c) = 19*c**3 + c**2. Let g be n(1). Let s be ((-8)/(-20))/(1/25). What is the greatest common factor of g and s?
10
Suppose 0*b - 2*b = -3*o + 107, o - 49 = 4*b. Calculate the greatest common divisor of 3 and o.
3
Let p be (-1)/4 + 30/(-8). Let h be (p + 2)*(4 - 48). Calculate the highest common factor of h and 8.
8
Let t be -16*(-4 + 3 + 0). Calculate the highest common factor of t and 40.
8
Let o(i) = -2*i**2 - i + 2. Let x be o(0). Suppose n - x*n = -77. What is the highest common divisor of n and 11?
11
Let x(t) = 5. Let u(s) be the third derivative of s**4/24 - s**2. Let k(a) = -5*u(a) + x(a). Let p be k(-8). What is the greatest common factor of 15 and p?
15
Let l(t) = 19*t**3 - t. Let n be l(1). Calculate the highest common factor of n and 162.
18
Let w(j) = -j + 18. Let o(x) = -x**2 - 3*x - 2. Let u be o(-2). Let k be w(u). What is the highest common factor of k and 162?
18
Let h be ((-4)/34)/(-1) - 200/(-34). What is the greatest common divisor of 8 and h?
2
Suppose -4*b + 8 = -0*b. Let h be 3/2*24/(-9). Let m be h + 14 + (0 - -2). Calculate the highest common factor of b and m.
2
Let d(z) = z**2 - 9*z - 7. Let p be d(10). What is the highest common factor of 1 and p?
1
Suppose -4*b = -0*b + 16, 3*r + b = 368. Calculate the highest common divisor of r and 186.
62
Suppose 0*h = 3*h - 54. What is the greatest common factor of h and 126?
18
Let p(o) = -o**2 + 9*o - 2. Let b be p(6). Suppose 3*l = 3*w - 0*w - 9, 0 = 2*w - 5*l. Suppose w*k - 16 = 4. What is the highest common divisor of b and k?
4
Let m be 3/(-9) + 176/6. Calculate the highest common factor of 116 and m.
29
Let w = -9 + 11. What is the greatest common divisor of 6 and w?
2
Let d(c) = 35*c - 2. Let v be d(1). What is the greatest common divisor of 3 and v?
3
Let n = 39 - 27. What is the greatest common factor of n and 48?
12
Suppose -4*s = -0*s - 192. Calculate the greatest common divisor of s and 6.
6
Suppose 10 = -3*f + 31. Suppose -53 = -4*u - q, 0 = 3*u - 2*q - 0*q - 48. What is the highest common divisor of u and f?
7
Suppose 711 = 11*z + 29. What is the greatest common divisor of z and 31?
31
Let p be -3*1*(2 - 3). Let y(c) = -c**2 - 4*c + 1. Let j be y(-4). Suppose j = -i + 2. What is the greatest common factor of i and p?
1
Let i = 24 - 23. What is the highest common factor of 8 and i?
1
Suppose 0 = t - 44 + 30. Calculate the greatest common divisor of 98 and t.
14
Let r = 29 - 13. Suppose 0 = -2*g - 3*g + 60. Let d = -4 + g. What is the highest common divisor of r and d?
8
Let p = 18 + 36. Calculate the highest common divisor of p and 36.
18
Let a(g) = -g + 11. Let j be a(4). What is the highest common divisor of 28 and j?
7
Suppose 0*v + 52 = 2*v. Suppose 4*z + 140 = 4*p, -4*z + 9*z + 207 = -3*p. Let h = v - z. Calculate the greatest common divisor of 26 and h.
13
Let f(b) = -b**2 + 11*b - 6. Let p be f(4). What is the highest common factor of p and 11?
11
Suppose -5*n + s + 56 = 0, 2*n + 4*s - 7 - 11 = 0. What is the highest common factor of 33 and n?
11
Let b be (-3 - 3)/(-2 - 5/(-3)). What is the greatest common factor of 9 and b?
9
Suppose -3*o + 36 = -3*i, 3*o = o - 3*i - 1. Calculate the greatest common factor of 77 and o.
7
Let b be 0 + 8/2 + -2. Suppose 36 = 2*n + b*n. Let q = -17 + 20. What is the highest common divisor of n and q?
3
Let m(i) = -i**3 + 11*i**2 + i + 10. Let c(v) = -v**3 + 5*v**2 - 3*v + 2. Let b be c(3). Let a be m(b). What is the greatest common divisor of 7 and a?
7
Let c(l) = 3*l**2 - 1. Suppose 0 = 4*r - 2*r - 5*x + 7, 4*r - 5*x = 1. Let s = r + -1. Let g be c(s). Calculate the greatest common divisor of 13 and g.
13
Suppose -3*j + 23 + 28 = 4*f, 0 = -j + 1. What is the highest common divisor of f and 12?
12
Suppose 0 = -3*k + 8 + 4. Suppose -k*f + 108 = -0*f. What is the greatest common divisor of f and 3?
3
Let q = -11 + 13. Suppose 3*z - 5 = -q*t + 7, -20 = -4*t - 4*z. What is the highest common factor of 1 and t?
1
Let f be 378/(-56)*2*-2. Calculate the greatest common divisor of f and 3.
3
Suppose a - 2 = 5*n, -3*a + 4*n = 2*a - 10. Suppose a*u - 19 = 101. Let g(b) = 2*b**2 + 10*b + 12. Let i be g(-6). What is the highest common factor of u and i?
12
Let t(d) = 45*d**3 - 2*d + 1. Let q be t(1). Calculate the highest common factor of q and 4.
4
Let z(a) = 9*a - 30. Let c be z(6). Calculate the greatest common divisor of 12 and c.
12
Let i = -31 + 20. Let z = 17 - i. Suppose 16 = 5*p + o, -3*p = -5*o + o - z. What is the highest common divisor of 4 and p?
4
Suppose 0*u - u - 5*z + 27 = 0, 0 = -z + 3. What is the highest common divisor of 108 and u?
12
Suppose 0 = 5*w + a - 26, -2*w + 1 = -w - 4*a. Suppose w*b - 4*j + 1 = -0, 2*b + 3*j = 18. Let v = 16 - 7. Calculate the highest common factor of b and v.
3
Suppose 0 = 4*y - 75 + 11. Let w be 1587/9 - 2/6. What is the highest common divisor of w and y?
16
Suppose -u - i + 40 = 0, 4*u - 6*u + 83 = 5*i. Calculate the greatest common divisor of 3 and u.
3
Suppose 0 = -5*v - 10, -3*k + 244 = -0*k - 2*v. What is the greatest common divisor of 10 and k?
10
Let c(y) = y**2 + 6*y + 41. Let t be c(-13). What is the highest common factor of t and 33?
33
Suppose 0 = y - 2*s - 60, 0 = y - 4*s + s - 55. What is the greatest common divisor of y and 10?
10
Suppose 3*b - 8*b = -2*g - 13, 0 = -b + g + 2. Let j = 18 - -15. Suppose -3*a - j = -4*a. Calculate the greatest common factor of b and a.
3
Let k(n) = 2*n - 11. Let p be k(6). Calculate the highest common divisor of p and 5.
1
Suppose -19 = -4*y + v + 21, -5*v = -20. What is the highest common divisor of 1 and y?
1
Suppose 4*c = 6*c + 34. Let f = 4 - c. What is the greatest common divisor of 147 and f?
21
Let h = -13 - -27. What is the greatest common divisor of h and 126?
14
Suppose 0 = -5*f + 4 + 11. What is the greatest common divisor of f and 3?
3
Let i be ((-7)/(-21))/(1/39). Calculate the highest common factor of 39 and i.
13
Let o(j) = j**3 - 7*j**2 + 7*j + 6. Let x be o(6). Calculate the highest common divisor of 36 and x.
12
Suppose 2*f = 5*f - 105. What is the greatest common divisor of 385 and f?
35
Suppose b = -2*d - d + 5, d + 4*b - 9 = 0. Suppose 4*p - d - 3 = 0. Suppose -2*r + 6 = -4. Calculate the greatest common factor of p and r.
1
Let y = 35 - 31. Let n(a) = -a**3 + 7*a**2 + 4*a. Let d be n(7). Calculate the highest common divisor of y and d.
4
Suppose 2*d + 2*b = -d + 113, 0 = -5*d + 3*b + 163. Suppose 50 + 6 = 4*t. What is the greatest common factor of t and d?
7
Let c(a) = 8*a**2 - 6*a + 3 + 2 - a**3 + a**2. Let x be c(6). What is the greatest common divisor of x and 7?
7
Suppose -2*y - 2*y + 12 = 0. Suppose -51 = -5*r - 6. Calculate the greatest common factor of r and y.
3
Let d = -5 - -10. Suppose -d*b + 24 = -2*b. Calculate the highest common factor of 24 and b.
8
Suppose -12 = 2*m + u - 1, -3*m - 2*u = 17. Let z = m - -16. Calculate the highest common factor of z and 1.
1
Let n(t) = -5*t - 59. Let l be n(-17). Calculate the greatest common factor of l and 182.
26
Let h be (-9)/(-12) - 771/(-12). What is the highest common divisor of h and 13?
13
Let a(o) = 12*o**3 + o**2 - 2*o. Let x be a(2). What is the highest common divisor of x and 12?
12
Let u(m) = -4*m**2 - m. Let j be u(1). Let x(i) = -3 - 3*i - 3 + 1. Let z be x(j). Calculate the highest common factor of z and 90.
10
Suppose 5*s - 10*s + 420 = 0. What is the highest common factor of 28 and s?
28
Suppose 4*n + 20 = 0, -4*y = -3*y + 5*n - 107. What is the greatest common factor of y and 12?
12
Let w(f) = -2*f**3 - 6*f**2 - 16*f + 3. Let r be w(-4). Calculate the greatest common factor of r and 11.
11
Suppose 0*y - 4*y = 32. Let l = 12 + y. Suppose l*s + 4 = 0, -2*v - 3 = -5*s - 20. What is the highest common divisor of v and 30?
6
Let o(a) be the second derivative of -3*a**5/20 - a**4/3 - a**3/3 + a**2/2 - a. Let i be o(-2). Calculate the greatest common divisor of i and 117.
13
Suppose 0 = -2*d + 5 - 1, 2*d = -4*n + 72. Calculate the greatest common factor of n and 17.
17
Let d be -5 + (1 - 2) - -2. Let u be (45/6)/((-2)/d). Calculate the greatest common divisor of u and 10.
5
Suppose -q + 1 = -4. Suppose -4*y + 105 = q*d,